pose 3*q + 2*k - 45 = -k, k = -2*q + d. What is the highest common factor of q and 636?
12
Suppose 249*b = 260*b - 8833. Calculate the highest common divisor of b and 11.
11
Let j be (-7 + 1)*(-20)/(-80) + (-673897)/(-14). Calculate the greatest common factor of j and 82.
82
Let p(o) = -3*o**3 - o**2 + 9*o + 18. Let b = 262 + -264. Let a be p(b). Calculate the greatest common divisor of a and 140.
20
Let f be (325/5 + -5)*(-36)/(-27). Calculate the greatest common divisor of f and 208.
16
Let l = 1355 - 1325. Calculate the greatest common factor of 1455 and l.
15
Suppose 2*z - 8*y - 1435 = -5*y, 0 = -z - 4*y + 723. Let n = z + -495. What is the highest common divisor of n and 70?
14
Suppose -22*l = n - 19*l - 8, 0 = -l - 2. Suppose -4158 = -28*y + n*y. What is the highest common factor of 22 and y?
11
Suppose 0 = 36*r + 17*r - 196780 + 22940. What is the highest common factor of r and 480?
80
Let t = 57307 + -57291. Let l be (-870)/(-27) + 4/(-18). Calculate the greatest common factor of t and l.
16
Let a(q) = -190 - 13*q + 19*q + 13*q. Let p be a(32). Calculate the highest common divisor of 66 and p.
22
Suppose 15*v - 1501 = 884. What is the highest common factor of v and 9?
3
Let b be (-2)/4*0/1. Suppose 2*s - 87 + 3 = b. Let x be 41 + (-589 - -29)/16. What is the highest common divisor of s and x?
6
Suppose 25*u - 60 = 10*u. Suppose 523 = 3*p - u*x, 10*x - 5*x = -20. What is the highest common divisor of 39 and p?
13
Let y(d) = 20*d**3 - 3*d**2 + 7*d - 21. Let t be y(4). What is the greatest common factor of 708 and t?
177
Suppose 5*q = 4*p + 711, -128*q + 5*p = -129*q + 177. Calculate the highest common divisor of q and 168.
21
Suppose -3*o + 1240 = 5*s + 150, -3*s + 678 = -3*o. What is the greatest common divisor of s and 13?
13
Let j be -3 - (-27 + 3 + 1) - -2. Suppose -5*m + t = -2575, -5*m - 2*t = 2*t - 2600. Suppose -m - 100 = -4*r. What is the highest common divisor of j and r?
22
Suppose 36*l - 492642 = -141642. What is the highest common factor of l and 20?
10
Suppose -16 = 4*u, 0*j - 4*j = -3*u + 552. Let i be 2/14 + j/7. Let t be (12/i)/(1/(-5)). Calculate the highest common factor of 27 and t.
3
Let q = -352 + 130. Let o = 245 + q. Calculate the highest common factor of 207 and o.
23
Let i be 7/(-56)*2852*(-4 + 2). Calculate the greatest common factor of 161 and i.
23
Let m = 4888 + -1378. What is the highest common factor of 54 and m?
54
Let f = -1355 - -1387. Suppose -3*p + 4*u + 117 = 13, 4*p + 4*u = 120. Calculate the greatest common divisor of f and p.
32
Suppose 3*m - 152 - 175 = -4*k, 0 = m + 3. Let u be 2613/67 + 6/(-1*2). Calculate the greatest common factor of u and k.
12
Suppose p = 5*d - 78 + 19, -d = -2*p - 10. Let r be (5 + -7)/((-4)/(-26)). Let n = r - -17. Calculate the highest common factor of n and d.
4
Let g be (2 + 1)*(2 + 8)*1. Let p(h) = h**3 + h**2 + h. Let u be p(0). Suppose 3*v + u*v - 135 = 0. What is the highest common divisor of g and v?
15
Let s = -229 + 229. Suppose s = 31*j - 18*j - 104. What is the highest common factor of j and 28?
4
Suppose 2*v - 6*y + 5*y = -11, 18 = -3*v + 3*y. Let m(b) = -9*b - 37. Let p be m(v). What is the greatest common divisor of p and 2?
2
Let z = 7513 - 7499. Let f be 21*(-3)/((-18)/16). Let j = f + -14. Calculate the greatest common factor of j and z.
14
Suppose -3671 = -28*o + 2965. What is the greatest common divisor of 632 and o?
79
Suppose 6*q + 336 = 3*f + 2*q, f = 2*q + 114. Let a be ((-20)/(-7))/(-1 + 329/294). Calculate the greatest common divisor of f and a.
12
Suppose 0*x - 522*x - 221*x = -98076. Let r = 20 - 2. Let i be 4/r + (-106)/(-9). Calculate the highest common factor of i and x.
12
Let t(s) = 3*s - 2*s - s + s + 7 + 18*s**2 + 5*s. Let p be t(2). What is the greatest common divisor of p and 130?
13
Suppose -744 = -14*m + 2224. Suppose 0 = 2*o + 4*w - m, 3*w - 121 = -o + 6*w. Calculate the highest common factor of 48 and o.
16
Let l(y) = -108*y + 9. Let d(z) = -z + 2. Let b be d(5). Let k(w) = -1. Let a(c) = b*k(c) - l(c). Let f be a(1). What is the greatest common factor of 34 and f?
34
Let r be (0 - 1 - (-3 - -14))/(-2). Suppose -18 = r*a - 36. Suppose -q - q + 22 = t, -58 = -5*t + a*q. Calculate the highest common divisor of 70 and t.
14
Let b be ((-63)/18)/(5/430). Let t = b + 369. Calculate the highest common factor of t and 340.
68
Suppose -4*t = -5*f + 20 - 4, 4*f = -5*t + 21. Suppose 23*j - 2331 = 4201. What is the greatest common factor of f and j?
4
Let b be 121 - (6 - (-16)/(-4)). Suppose 47*a - 2 = 49*a, -3*a = -t + 20. Calculate the greatest common divisor of t and b.
17
Suppose 0 = 28*n + 41*n + 6*n - 220575. What is the highest common divisor of n and 173?
173
Let q = 114744 + -114692. Suppose -21 = -2*x + 31. What is the highest common factor of q and x?
26
Let i(z) = -24*z - 180. Let c be i(-9). Suppose 4*m = -t + 18, -11*t + 8*t + 54 = 4*m. Calculate the highest common factor of c and t.
18
Suppose 2*w - 598 = -3*c, 8*c - 985 = 3*c - w. Let q(r) = -r**3 - 14*r**2 - 19*r - 29. Let g be q(-13). Calculate the highest common factor of c and g.
49
Let t = -84 + 93. Suppose -t*w + 4*w = 475. Let f = -85 - w. Calculate the highest common factor of 90 and f.
10
Let u be 1308/(-60)*5*16/(-4). What is the highest common divisor of 1853 and u?
109
Let j = -444 - -1493. Suppose -j = -26*k + 381. What is the highest common divisor of 110 and k?
55
Suppose 2*p - 30 = -3*p. Let h be (-436)/(-14) - 4 - (260/(-91) - -3). What is the greatest common factor of h and p?
3
Let a(p) = -p**2 + 32*p - 184. Let s be a(21). Suppose 11*x = 6907 - 2254. What is the highest common factor of s and x?
47
Let w be (-8188)/(-23) + 0/(1 + -2). Suppose 0 = 352*a - w*a + 120. What is the highest common divisor of 390 and a?
30
Suppose 3*k - 2795 = -179. Calculate the greatest common factor of k and 16.
8
Let l(c) = c**2 - 157*c + 7. Let v be l(-2). Calculate the highest common factor of v and 100.
25
Let w(h) = -2*h**3 - 37*h**2 - 83*h - 5. Let b be w(-16). Suppose -b + 53 = 5*v. What is the highest common divisor of 22 and v?
2
Suppose 0 = -w + 5*m + 5, 4*w + w = m + 73. Suppose 5*j + 2*c = 105, w*j = 11*j - 3*c + 91. Calculate the highest common factor of 57 and j.
19
Let y = 3584 - 2750. What is the highest common factor of y and 6?
6
Let m(s) = 85*s**2 - s. Let p(r) = r. Let a(t) = m(t) + 6*p(t). Let x be a(3). Calculate the greatest common factor of 60 and x.
60
Suppose 2*i = 8 - 36. Let v(o) = o + 14. Let t be v(i). Suppose t = -3*g + 40 - 1. Calculate the greatest common factor of g and 26.
13
Let s be (7 - (2 + 4))/(2/4). Suppose 0 = -2*r + 2*y, 4*r + s*y - 12 = -0*r. Suppose 0 = r*i - 5*i + 51. What is the highest common divisor of i and 51?
17
Let c = 10902 - 7116. What is the greatest common divisor of 12 and c?
6
Let t(n) = 88*n**2 - 1230*n + 8. Let j be t(14). Calculate the greatest common factor of j and 2868.
12
Let a(s) = -s**2 + 736. Let p be a(0). Suppose 52*q + 93 = 56*q + u, -70 = -3*q - u. Calculate the highest common factor of q and p.
23
Let y = 12772 - 10481. Calculate the highest common factor of 316 and y.
79
Suppose 5*g = 6*g - 30. Let r be ((-945)/g)/9*1*-4. What is the greatest common factor of r and 14?
14
Suppose -792*b + 164 = -790*b. Suppose 0 = -b*q + 85*q - 48. What is the greatest common divisor of q and 144?
16
Let s(d) = 129*d - 1560. Let m be s(13). What is the highest common divisor of 23400 and m?
117
Suppose 2*p + 1900 = 63*r - 59*r, -3*r + p = -1427. What is the greatest common divisor of 18 and r?
9
Suppose 0 = -2*o + j + 2667, 0*j + 1288 = o + 6*j. What is the greatest common factor of o and 760?
190
Suppose -452 - 415 = -2*f + 5*w, -4*w = -f + 429. What is the highest common divisor of 49 and f?
49
Let a be 1*20*(1 + 3). Suppose 0 = -b, -2*q - 4*b = b - a. Let w be (-5*(-11)/(-55))/(2/(-16)). Calculate the highest common factor of w and q.
8
Let z be (2/4)/(-10 + 8)*-16. Let f be (16 - 14 - (0 - 1)) + z. Let c(h) = -h**3 + h + 1. Let i be c(-2). Calculate the greatest common factor of i and f.
7
Let z be (132 - 125 - 111/5)/((-2)/30). What is the greatest common divisor of 551 and z?
19
Let l(y) = -3*y**2 - 4*y + 8. Suppose 3*p + 5*z = -7, p + 3*p - 39 = 3*z. Let h be l(p). Let f = 146 + h. What is the highest common f